List the prime factors of 53818.
2, 71, 379
List the prime factors of 12786.
2, 3, 2131
What are the prime factors of 3209?
3209
What are the prime factors of 1028?
2, 257
What are the prime factors of 148071?
3, 7, 11, 641
List the prime factors of 29.
29
List the prime factors of 10446.
2, 3, 1741
What are the prime factors of 2815?
5, 563
What are the prime factors of 105998?
2, 52999
What are the prime factors of 48969?
3, 5441
What are the prime factors of 10789?
10789
List the prime factors of 29229.
3, 9743
What are the prime factors of 1261?
13, 97
What are the prime factors of 2272?
2, 71
List the prime factors of 15754.
2, 7877
What are the prime factors of 23003?
23003
What are the prime factors of 6871?
6871
What are the prime factors of 6849?
3, 761
List the prime factors of 508.
2, 127
List the prime factors of 46746.
2, 3, 7, 53
List the prime factors of 4840.
2, 5, 11
List the prime factors of 3612.
2, 3, 7, 43
List the prime factors of 23194.
2, 11597
List the prime factors of 32027.
32027
List the prime factors of 49350.
2, 3, 5, 7, 47
List the prime factors of 132571.
37, 3583
List the prime factors of 145186.
2, 229, 317
List the prime factors of 1026.
2, 3, 19
List the prime factors of 978.
2, 3, 163
List the prime factors of 55998.
2, 3, 17, 61
List the prime factors of 2311.
2311
What are the prime factors of 3464?
2, 433
What are the prime factors of 4590?
2, 3, 5, 17
What are the prime factors of 791?
7, 113
What are the prime factors of 5671?
53, 107
List the prime factors of 1367.
1367
What are the prime factors of 1077?
3, 359
What are the prime factors of 7348?
2, 11, 167
List the prime factors of 39507.
3, 13, 1013
List the prime factors of 6337.
6337
What are the prime factors of 1839?
3, 613
What are the prime factors of 1793?
11, 163
List the prime factors of 1587.
3, 23
What are the prime factors of 30?
2, 3, 5
What are the prime factors of 5892?
2, 3, 491
List the prime factors of 1781.
13, 137
What are the prime factors of 1996?
2, 499
What are the prime factors of 751?
751
What are the prime factors of 355?
5, 71
List the prime factors of 96832.
2, 17, 89
What are the prime factors of 695?
5, 139
List the prime factors of 1714.
2, 857
What are the prime factors of 958?
2, 479
List the prime factors of 11058.
2, 3, 19, 97
List the prime factors of 140529.
3, 139, 337
List the prime factors of 9051.
3, 7, 431
List the prime factors of 1721.
1721
What are the prime factors of 43?
43
What are the prime factors of 4903?
4903
What are the prime factors of 8878?
2, 23, 193
What are the prime factors of 10620?
2, 3, 5, 59
List the prime factors of 1454.
2, 727
List the prime factors of 67248.
2, 3, 467
What are the prime factors of 1556?
2, 389
List the prime factors of 6009.
3, 2003
What are the prime factors of 10593?
3, 11, 107
What are the prime factors of 419?
419
List the prime factors of 25680.
2, 3, 5, 107
What are the prime factors of 80854?
2, 40427
List the prime factors of 29195.
5, 5839
List the prime factors of 1668.
2, 3, 139
List the prime factors of 658.
2, 7, 47
List the prime factors of 30001.
19, 1579
List the prime factors of 6653.
6653
What are the prime factors of 8025?
3, 5, 107
List the prime factors of 5272.
2, 659
List the prime factors of 160.
2, 5
What are the prime factors of 514?
2, 257
List the prime factors of 885.
3, 5, 59
What are the prime factors of 74126?
2, 13, 2851
What are the prime factors of 245?
5, 7
List the prime factors of 5954.
2, 13, 229
List the prime factors of 856.
2, 107
What are the prime factors of 64123?
64123
What are the prime factors of 6569?
6569
What are the prime factors of 61139?
13, 4703
What are the prime factors of 403?
13, 31
List the prime factors of 2240.
2, 5, 7
What are the prime factors of 80417?
29, 47, 59
List the prime factors of 1493.
1493
List the prime factors of 1702.
2, 23, 37
List the prime factors of 3237.
3, 13, 83
What are the prime factors of 112743?
3, 12527
List the prime factors of 18539.
18539
List the prime factors of 665.
5, 7, 19
List the prime factors of 804.
2, 3, 67
What are the prime factors of 1312?
2, 41
What are the prime factors of 1553?
1553
What are the prime factors of 18245?
5, 41, 89
What are the prime factors of 3592?
2, 449
List the prime factors of 49114.
2, 13, 1889
List the prime factors of 13658.
2, 6829
List the prime factors of 4638.
2, 3, 773
List the prime factors of 5363.
31, 173
List the prime factors of 5707.
13, 439
List the prime factors of 184.
2, 23
List the prime factors of 3208.
2, 401
List the prime factors of 4643.
4643
What are the prime factors of 2263?
31, 73
What are the prime factors of 1231?
1231
What are the prime factors of 4414?
2, 2207
What are the prime factors of 3139?
43, 73
List the prime factors of 787.
787
What are the prime factors of 5843?
5843
List the prime factors of 496.
2, 31
What are the prime factors of 1258?
2, 17, 37
List the prime factors of 23399.
23399
What are the prime factors of 667?
23, 29
What are the prime factors of 2686?
2, 17, 79
What are the prime factors of 4577?
23, 199
What are the prime factors of 1182?
2, 3, 197
What are the prime factors of 7?
7
What are the prime factors of 139248?
2, 3, 967
List the prime factors of 24786.
2, 3, 17
What are the prime factors of 689?
13, 53
List the prime factors of 25498.
2, 11, 19, 61
List the prime factors of 3749.
23, 163
List the prime factors of 69122.
2, 17, 19, 107
What are the prime factors of 24020?
2, 5, 1201
List the prime factors of 934.
2, 467
List the prime factors of 330.
2, 3, 5, 11
What are the prime factors of 24200?
2, 5, 11
List the prime factors of 15656.
2, 19, 103
What are the prime factors of 32405?
5, 6481
What are the prime factors of 13424?
2, 839
What are the prime factors of 3609?
3, 401
List the prime factors of 41943.
3, 11, 31, 41
What are the prime factors of 25972?
2, 43, 151
What are the prime factors of 1726?
2, 863
What are the prime factors of 48580?
2, 5, 7, 347
List the prime factors of 42260.
2, 5, 2113
List the prime factors of 54732.
2, 3, 4561
List the prime factors of 454.
2, 227
What are the prime factors of 7584?
2, 3, 79
What are the prime factors of 26009?
31, 839
List the prime factors of 10531.
10531
List the prime factors of 2439.
3, 271
What are the prime factors of 6148?
2, 29, 53
What are the prime factors of 7721?
7, 1103
What are the prime factors of 9312?
2, 3, 97
List the prime factors of 2106.
2, 3, 13
List the prime factors of 5641.
5641
List the prime factors of 126768.
2, 3, 19, 139
List the prime factors of 15901.
15901
List the prime factors of 7469.
7, 11, 97
List the prime factors of 53825.
5, 2153
List the prime factors of 352.
2, 11
List the prime factors of 79750.
2, 5, 11, 29
What are the prime factors of 6158?
2, 3079
What are the prime factors of 9487?
53, 179
What are the prime factors of 5925?
3, 5, 79
List the prime factors of 24601.
73, 337
What are the prime factors of 949?
13, 73
List the prime factors of 100482.
2, 3, 16747
List the prime factors of 3420.
2, 3, 5, 19
What are the prime factors of 82750?
2, 5, 331
What are the prime factors of 19168?
2, 599
List the prime factors of 630.
2, 3, 5, 7
List the prime factors of 50901.
3, 19, 47
List the prime factors of 24686.
2, 12343
List the prime factors of 341.
11, 31
List the prime factors of 4687.
43, 109
What are the prime factors of 3399?
3, 11, 103
What are the prime factors of 12245?
5, 31, 79
List the prime factors of 4227.
3, 1409
List the prime factors of 11926.
2, 67, 89
List the prime factors of 109315.
5, 21863
What are the prime factors of 1919?
19, 101
List the prime factors of 235.
5, 47
List the prime factors of 31364.
2, 7841
List the prime factors of 145641.
3, 43, 1129
What are the prime factors of 776?
2, 97
What are the prime factors of 4024?
2, 503
List the prime factors of 167994.
2, 3, 17, 61
List the prime factors of 30806.
2, 73, 211
List the prime factors of 42693.
3, 7, 19, 107
What are the prime factors of 64734?
2, 3, 10789
What are the prime factors of 1226?
2, 613
What are the prime factors of 464?
2, 29
What are the prime factors of 4033?
37, 109
What are the prime factors of 24072?
2, 3, 17, 59
List the prime factors of 1779.
3, 593
What are th